{"id":23,"date":"2011-12-09T18:47:52","date_gmt":"2011-12-09T18:47:52","guid":{"rendered":"http:\/\/www.kgeab.se\/?page_id=23"},"modified":"2017-05-11T20:29:19","modified_gmt":"2017-05-11T18:29:19","slug":"start","status":"publish","type":"page","link":"https:\/\/www.kgeab.se\/","title":{"rendered":"V\u00e4lkommen!"},"content":{"rendered":"<p>Vi utf\u00f6r allt inom:<br \/>\n<strong>&#8211;\u00a0 Entreprenadarbeten<\/strong><\/p>\n<p><strong>&#8211;\u00a0 <\/strong><strong>Grusf\u00f6rs\u00e4ljning + transporter<br \/>\n<\/strong><\/p>\n<p>&#8211; <strong>Tillg\u00e5ng till eget material fr\u00e5n v\u00e5ra natur och bergt\u00e4kter<\/strong><\/p>\n<p><strong>&#8211;\u00a0 Husgrunder<\/strong><\/p>\n<p><strong>&#8211;\u00a0 Avloppsanl\u00e4ggning\u00a0 ME-diplomerad<br \/>\nsm\u00e5 enskilda avlopp<\/strong><\/p>\n<p><strong>&#8211;\u00a0 Skogsbilv\u00e4gar<\/strong><\/p>\n<p>&nbsp;<\/p>\n","protected":false},"excerpt":{"rendered":"<p>Vi utf\u00f6r allt inom: &#8211;\u00a0 Entreprenadarbeten &#8211;\u00a0 Grusf\u00f6rs\u00e4ljning + transporter &#8211; Tillg\u00e5ng till eget material fr\u00e5n v\u00e5ra natur och bergt\u00e4kter &#8211;\u00a0 Husgrunder &#8211;\u00a0 Avloppsanl\u00e4ggning\u00a0 ME-diplomerad sm\u00e5 enskilda avlopp &#8211;\u00a0 Skogsbilv\u00e4gar &nbsp;<\/p>\n","protected":false},"author":1,"featured_media":0,"parent":0,"menu_order":0,"comment_status":"closed","ping_status":"closed","template":"","meta":[],"_links":{"self":[{"href":"https:\/\/www.kgeab.se\/index.php?rest_route=\/wp\/v2\/pages\/23"}],"collection":[{"href":"https:\/\/www.kgeab.se\/index.php?rest_route=\/wp\/v2\/pages"}],"about":[{"href":"https:\/\/www.kgeab.se\/index.php?rest_route=\/wp\/v2\/types\/page"}],"author":[{"embeddable":true,"href":"https:\/\/www.kgeab.se\/index.php?rest_route=\/wp\/v2\/users\/1"}],"replies":[{"embeddable":true,"href":"https:\/\/www.kgeab.se\/index.php?rest_route=%2Fwp%2Fv2%2Fcomments&post=23"}],"version-history":[{"count":15,"href":"https:\/\/www.kgeab.se\/index.php?rest_route=\/wp\/v2\/pages\/23\/revisions"}],"predecessor-version":[{"id":72,"href":"https:\/\/www.kgeab.se\/index.php?rest_route=\/wp\/v2\/pages\/23\/revisions\/72"}],"wp:attachment":[{"href":"https:\/\/www.kgeab.se\/index.php?rest_route=%2Fwp%2Fv2%2Fmedia&parent=23"}],"curies":[{"name":"wp","href":"https:\/\/api.w.org\/{rel}","templated":true}]}}